Last updated on 2024-07-17 01:48:29 CEST.
Flavor | Version | Tinstall | Tcheck | Ttotal | Status | Flags |
---|---|---|---|---|---|---|
r-devel-linux-x86_64-debian-clang | 1.0.11 | 68.23 | 697.04 | 765.27 | OK | |
r-devel-linux-x86_64-debian-gcc | 1.0.11 | 60.14 | 506.68 | 566.82 | OK | |
r-devel-linux-x86_64-fedora-clang | 1.0.11 | 965.19 | OK | |||
r-devel-linux-x86_64-fedora-gcc | 1.0.11 | 970.15 | OK | |||
r-devel-windows-x86_64 | 1.0.11 | 64.00 | 466.00 | 530.00 | OK | |
r-patched-linux-x86_64 | 1.0.11 | 49.50 | 653.97 | 703.47 | OK | |
r-release-linux-x86_64 | 1.0.11 | 56.07 | 675.51 | 731.58 | OK | |
r-release-macos-arm64 | 1.0.11 | 257.00 | OK | |||
r-release-macos-x86_64 | 1.0.11 | 379.00 | OK | |||
r-release-windows-x86_64 | 1.0.11 | 63.00 | 482.00 | 545.00 | OK | |
r-oldrel-macos-arm64 | 1.0.11 | 9.00 | ERROR | |||
r-oldrel-macos-x86_64 | 1.0.11 | 11.00 | ERROR | |||
r-oldrel-windows-x86_64 | 1.0.11 | 86.00 | 636.00 | 722.00 | OK |
Version: 1.0.11
Check: package dependencies
Result: ERROR
Package required but not available: ‘GSVA’
See section ‘The DESCRIPTION file’ in the ‘Writing R Extensions’
manual.
Flavors: r-oldrel-macos-arm64, r-oldrel-macos-x86_64