Last updated on 2024-06-15 01:51:20 CEST.
Flavor | Version | Tinstall | Tcheck | Ttotal | Status | Flags |
---|---|---|---|---|---|---|
r-devel-linux-x86_64-debian-clang | 0.1.3 | 98.06 | 68.88 | 166.94 | OK | |
r-devel-linux-x86_64-debian-gcc | 0.1.3 | 75.70 | 49.68 | 125.38 | OK | |
r-devel-linux-x86_64-fedora-clang | 0.1.3 | 218.10 | OK | |||
r-devel-linux-x86_64-fedora-gcc | 0.1.3 | 247.74 | OK | |||
r-devel-windows-x86_64 | 0.1.3 | 79.00 | 93.00 | 172.00 | OK | |
r-patched-linux-x86_64 | 0.1.3 | 96.50 | 65.48 | 161.98 | OK | |
r-release-linux-x86_64 | 0.1.3 | 88.68 | 66.09 | 154.77 | OK | |
r-release-macos-arm64 | 0.1.3 | 58.00 | NOTE | |||
r-release-macos-x86_64 | 0.1.3 | 76.00 | NOTE | |||
r-release-windows-x86_64 | 0.1.3 | 83.00 | 96.00 | 179.00 | OK | |
r-oldrel-macos-arm64 | 0.1.3 | 55.00 | NOTE | |||
r-oldrel-macos-x86_64 | 0.1.3 | 111.00 | NOTE | |||
r-oldrel-windows-x86_64 | 0.1.3 | 103.00 | 114.00 | 217.00 | OK |
Version: 0.1.3
Check: installed package size
Result: NOTE
installed size is 14.6Mb
sub-directories of 1Mb or more:
libs 14.4Mb
Flavors: r-release-macos-arm64, r-release-macos-x86_64, r-oldrel-macos-arm64, r-oldrel-macos-x86_64