Last updated on 2024-07-17 01:48:15 CEST.
Flavor | Version | Tinstall | Tcheck | Ttotal | Status | Flags |
---|---|---|---|---|---|---|
r-devel-linux-x86_64-debian-clang | 0.1 | 226.97 | 98.72 | 325.69 | OK | |
r-devel-linux-x86_64-debian-gcc | 0.1 | 151.81 | 70.92 | 222.73 | OK | |
r-devel-linux-x86_64-fedora-clang | 0.1 | 521.05 | OK | |||
r-devel-linux-x86_64-fedora-gcc | 0.1 | 507.47 | OK | |||
r-devel-windows-x86_64 | 0.1 | 166.00 | 108.00 | 274.00 | OK | |
r-patched-linux-x86_64 | 0.1 | 198.19 | 92.31 | 290.50 | OK | |
r-release-linux-x86_64 | 0.1 | 204.71 | 91.87 | 296.58 | OK | |
r-release-macos-arm64 | 0.1 | 76.00 | NOTE | |||
r-release-macos-x86_64 | 0.1 | 103.00 | NOTE | |||
r-release-windows-x86_64 | 0.1 | 178.00 | 108.00 | 286.00 | OK | |
r-oldrel-macos-arm64 | 0.1 | 95.00 | NOTE | |||
r-oldrel-macos-x86_64 | 0.1 | 109.00 | NOTE | |||
r-oldrel-windows-x86_64 | 0.1 | 169.00 | 131.00 | 300.00 | OK |
Version: 0.1
Check: installed package size
Result: NOTE
installed size is 9.4Mb
sub-directories of 1Mb or more:
libs 9.2Mb
Flavors: r-release-macos-arm64, r-release-macos-x86_64, r-oldrel-macos-arm64, r-oldrel-macos-x86_64