Last updated on 2024-07-17 01:48:33 CEST.
Flavor | Version | Tinstall | Tcheck | Ttotal | Status | Flags |
---|---|---|---|---|---|---|
r-devel-linux-x86_64-debian-clang | 1.1.0 | 48.34 | 452.47 | 500.81 | OK | |
r-devel-linux-x86_64-debian-gcc | 1.1.0 | 34.02 | 330.84 | 364.86 | OK | |
r-devel-linux-x86_64-fedora-clang | 1.1.0 | 604.12 | NOTE | |||
r-devel-linux-x86_64-fedora-gcc | 1.1.0 | 583.79 | OK | |||
r-devel-windows-x86_64 | 1.1.0 | 42.00 | 296.00 | 338.00 | NOTE | |
r-patched-linux-x86_64 | 1.1.0 | 40.71 | 413.66 | 454.37 | OK | |
r-release-linux-x86_64 | 1.1.0 | 43.67 | 430.57 | 474.24 | OK | |
r-release-macos-arm64 | 1.1.0 | 158.00 | NOTE | |||
r-release-macos-x86_64 | 1.1.0 | 232.00 | NOTE | |||
r-release-windows-x86_64 | 1.1.0 | 42.00 | 289.00 | 331.00 | NOTE | |
r-oldrel-macos-arm64 | 1.1.0 | 161.00 | NOTE | |||
r-oldrel-macos-x86_64 | 1.1.0 | 268.00 | NOTE | |||
r-oldrel-windows-x86_64 | 1.1.0 | 56.00 | 405.00 | 461.00 | NOTE |
Version: 1.1.0
Check: installed package size
Result: NOTE
installed size is 9.5Mb
sub-directories of 1Mb or more:
extdata 8.7Mb
Flavors: r-devel-linux-x86_64-fedora-clang, r-devel-windows-x86_64, r-release-macos-arm64, r-release-macos-x86_64, r-release-windows-x86_64, r-oldrel-macos-arm64, r-oldrel-macos-x86_64, r-oldrel-windows-x86_64