Last updated on 2024-07-17 01:48:27 CEST.
Flavor | Version | Tinstall | Tcheck | Ttotal | Status | Flags |
---|---|---|---|---|---|---|
r-devel-linux-x86_64-debian-clang | 0.1.6 | 8.59 | 131.85 | 140.44 | OK | |
r-devel-linux-x86_64-debian-gcc | 0.1.6 | 8.43 | 95.77 | 104.20 | OK | |
r-devel-linux-x86_64-fedora-clang | 0.1.6 | 180.93 | OK | |||
r-devel-linux-x86_64-fedora-gcc | 0.1.6 | 190.02 | OK | |||
r-devel-windows-x86_64 | 0.1.6 | 11.00 | 130.00 | 141.00 | OK | |
r-patched-linux-x86_64 | 0.1.6 | 12.01 | 123.62 | 135.63 | OK | |
r-release-linux-x86_64 | 0.1.6 | 7.30 | 122.66 | 129.96 | OK | |
r-release-macos-arm64 | 0.1.6 | 63.00 | NOTE | |||
r-release-macos-x86_64 | 0.1.6 | 133.00 | NOTE | |||
r-release-windows-x86_64 | 0.1.6 | 11.00 | 129.00 | 140.00 | OK | |
r-oldrel-macos-arm64 | 0.1.6 | 70.00 | NOTE | |||
r-oldrel-macos-x86_64 | 0.1.6 | 110.00 | NOTE | |||
r-oldrel-windows-x86_64 | 0.1.6 | 13.00 | 161.00 | 174.00 | OK |
Version: 0.1.6
Check: package dependencies
Result: NOTE
Packages suggested but not available for checking: 'PADOG', 'safe'
Flavors: r-release-macos-arm64, r-release-macos-x86_64
Version: 0.1.6
Check: Rd cross-references
Result: NOTE
Packages unavailable to check Rd xrefs: ‘PADOG’, ‘safe’
Flavors: r-release-macos-arm64, r-release-macos-x86_64
Version: 0.1.6
Check: package dependencies
Result: NOTE
Packages suggested but not available for checking: 'PADOG', 'GSVA'
Flavors: r-oldrel-macos-arm64, r-oldrel-macos-x86_64
Version: 0.1.6
Check: Rd cross-references
Result: NOTE
Packages unavailable to check Rd xrefs: ‘GSVA’, ‘PADOG’
Flavors: r-oldrel-macos-arm64, r-oldrel-macos-x86_64