Last updated on 2024-07-17 01:48:19 CEST.
Flavor | Version | Tinstall | Tcheck | Ttotal | Status | Flags |
---|---|---|---|---|---|---|
r-devel-linux-x86_64-debian-clang | 0.1.0 | 14.35 | 142.58 | 156.93 | OK | |
r-devel-linux-x86_64-debian-gcc | 0.1.0 | 14.53 | 103.87 | 118.40 | OK | |
r-devel-linux-x86_64-fedora-clang | 0.1.0 | 198.49 | OK | |||
r-devel-linux-x86_64-fedora-gcc | 0.1.0 | 196.72 | OK | |||
r-devel-windows-x86_64 | 0.1.0 | 17.00 | 114.00 | 131.00 | OK | |
r-patched-linux-x86_64 | 0.1.0 | 16.11 | 131.79 | 147.90 | OK | |
r-release-linux-x86_64 | 0.1.0 | 15.30 | 129.44 | 144.74 | OK | |
r-release-macos-arm64 | 0.1.0 | 64.00 | NOTE | |||
r-release-macos-x86_64 | 0.1.0 | 93.00 | NOTE | |||
r-release-windows-x86_64 | 0.1.0 | 17.00 | 116.00 | 133.00 | OK | |
r-oldrel-macos-arm64 | 0.1.0 | 64.00 | NOTE | |||
r-oldrel-macos-x86_64 | 0.1.0 | 77.00 | NOTE | |||
r-oldrel-windows-x86_64 | 0.1.0 | 22.00 | 140.00 | 162.00 | OK |
Version: 0.1.0
Check: installed package size
Result: NOTE
installed size is 5.2Mb
sub-directories of 1Mb or more:
data 5.0Mb
Flavors: r-release-macos-arm64, r-release-macos-x86_64, r-oldrel-macos-arm64, r-oldrel-macos-x86_64